igit of 324010871?
1
What is the ten thousands digit of 48515004?
1
What is the hundreds digit of 30163571?
5
What is the millions digit of 237548294?
7
What is the hundreds digit of 206903151?
1
What is the thousands digit of 106752628?
2
What is the ten thousands digit of 820259998?
5
What is the ten thousands digit of 457773601?
7
What is the hundreds digit of 419692?
6
What is the thousands digit of 485292010?
2
What is the ten thousands digit of 91571961?
7
What is the hundred thousands digit of 603199175?
1
What is the ten millions digit of 144735927?
4
What is the thousands digit of 125110686?
0
What is the hundred millions digit of 2275966916?
2
What is the hundred thousands digit of 1594433105?
4
What is the ten thousands digit of 16330798?
3
What is the ten millions digit of 812496775?
1
What is the units digit of 4407060724?
4
What is the ten millions digit of 337746057?
3
What is the billions digit of 2383928755?
2
What is the units digit of 8226268573?
3
What is the ten thousands digit of 56508135?
0
What is the thousands digit of 652278003?
8
What is the ten thousands digit of 1232806640?
0
What is the ten thousands digit of 171651623?
5
What is the tens digit of 1436236495?
9
What is the ten thousands digit of 6744886883?
8
What is the tens digit of 1150601842?
4
What is the hundred thousands digit of 114403438?
4
What is the ten millions digit of 2101308984?
0
What is the hundred millions digit of 3846926028?
8
What is the tens digit of 60010711?
1
What is the millions digit of 3687908094?
7
What is the ten millions digit of 67247511?
6
What is the tens digit of 154849940?
4
What is the tens digit of 113278845?
4
What is the ten thousands digit of 179724653?
2
What is the tens digit of 1997321542?
4
What is the tens digit of 1350578403?
0
What is the units digit of 2149360238?
8
What is the hundred thousands digit of 43529360?
5
What is the billions digit of 2185206013?
2
What is the hundred millions digit of 176140307?
1
What is the ten millions digit of 314613299?
1
What is the tens digit of 34337980?
8
What is the hundreds digit of 87324336?
3
What is the hundred millions digit of 119460673?
1
What is the millions digit of 362676810?
2
What is the ten thousands digit of 141588286?
8
What is the hundred thousands digit of 110186602?
1
What is the hundreds digit of 47608607?
6
What is the ten thousands digit of 1633513138?
1
What is the hundred thousands digit of 938969672?
9
What is the hundred millions digit of 150900877?
1
What is the units digit of 87367172?
2
What is the millions digit of 53376329?
3
What is the hundreds digit of 22688337?
3
What is the hundreds digit of 1416936076?
0
What is the tens digit of 107242787?
8
What is the billions digit of 3524833135?
3
What is the ten millions digit of 362476301?
6
What is the hundred millions digit of 2518979538?
5
What is the ten millions digit of 230922124?
3
What is the ten thousands digit of 7882165062?
6
What is the units digit of 66951248?
8
What is the tens digit of 18634454?
5
What is the tens digit of 50936695?
9
What is the ten millions digit of 2384051919?
8
What is the millions digit of 155206590?
5
What is the ten thousands digit of 502833722?
3
What is the millions digit of 163261220?
3
What is the hundred thousands digit of 896470931?
4
What is the ten millions digit of 132907998?
3
What is the hundred thousands digit of 235112113?
1
What is the hundreds digit of 859581473?
4
What is the units digit of 33156218?
8
What is the billions digit of 1096471473?
1
What is the thousands digit of 215348700?
8
What is the thousands digit of 27481311?
1
What is the ten thousands digit of 745385687?
8
What is the billions digit of 1826253489?
1
What is the ten millions digit of 2421383402?
2
What is the ten millions digit of 3812386501?
1
What is the hundred thousands digit of 28503727?
5
What is the thousands digit of 35282874?
2
What is the hundred millions digit of 301170457?
3
What is the tens digit of 13336015?
1
What is the hundreds digit of 54150705?
7
What is the hundred thousands digit of 229979795?
9
What is the billions digit of 5332679287?
5
What is the tens digit of 1838082841?
4
What is the billions digit of 4274450725?
4
What is the millions digit of 74794647?
4
What is the hundreds digit of 10600957?
9
What is the ten millions digit of 252350069?
5
What is the ten millions digit of 98038083?
9
What is the ten thousands digit of 733800758?
0
What is the thousands digit of 2653793893?
3
What is the ten thousands digit of 73651109?
5
What is the units digit of 68140566?
6
What is the units digit of 44974866?
6
What is the ten millions digit of 21693914?
2
What is the thousands digit of 632906567?
6
What is the ten thousands digit of 27622039?
2
What is the units digit of 3268513?
3
What is the hundred thousands digit of 1430396103?
3
What is the hundreds digit of 34253711?
7
What is the millions digit of 452023924?
2
What is the units digit of 1217561798?
8
What is the tens digit of 2838230992?
9
What is the hundreds digit of 8615408618?
6
What is the thousands digit of 314541112?
1
What is the ten millions digit of 3285494422?
8
What is the millions digit of 104866998?
4
What is the thousands digit of 90614736?
4
What is the hundred thousands digit of 816252513?
2
What is the ten thousands digit of 853326545?
2
What is the hundreds digit of 1046422179?
1
What is the ten thousands digit of 173792683?
9
What is the thousands digit of 17525372?
5
What is the hundred thousands digit of 315016699?
0
What is the millions digit of 1269612683?
9
What is the hundreds digit of 4130837368?
3
What is the thousands digit of 286048301?
8
What is the tens digit of 469198781?
8
What is the hundred millions digit of 7737690667?
7
What is the hundreds digit of 186028802?
8
What is the ten thousands digit of 62780814?
8
What is the millions digit of 986882233?
6
What is the thousands digit of 11138886?
8
What is the thousands digit of 1582628385?
8
What is the hundred thousands digit of 107330849?
3
What is the hundreds digit of 5285712921?
9
What is the thousands digit of 61654957?
4
What is the ten millions digit of 37286253?
3
What is the hundred millions digit of 1690435438?
6
What is the units digit of 750481879?
9
What is the hundred thousands digit of 41334383?
3
What is the units digit of 1750247052?
2
What is the millions digit of 18004316?
8
What is the ten millions digit of 3365351236?
6
What is the thousands digit of 78976579?
6
What is the tens digit of 181819219?
1
What is the millions digit of 207491505?
7
What is the units digit of 50860465?
5
What is the hundred thousands digit of 483724667?
7
What is the hundred millions digit of 301093248?
3
What is the hundred millions digit of 6622845262?
6
What is the hundred thousands digit of 240798141?
7
What is the tens digit of 45073314?
1
What is the millions digit of 25457662?
5
What is the ten thousands digit of 730621274?
2
What is the hundreds digit of 51249858?
8
What is the units digit of 55904352?
2
What is the ten millions digit of 1484168662?
8
What is the hundreds digit of 54985755?
7
What is the hundred millions digit of 4350889722?
3
What is the ten thousands digit of 96204587?
0
What is the ten thousands digit of 100709477?
0
What is the hundreds digit of 5832657824?
8
What is the hundreds digit of 1105500983?
9
What is the hundred millions digit of 1839655412?
8
What is the hundred thousands digit of 629790?
6
What is the hundred thousands digit of 297554306?
5
What is the hundreds digit of 18712226?
2
What is the millions digit of 87104935?
7
What is the millions digit of 128359876?
8
What is the units digit of 114935215?
5
What is the tens digit of 203595372?
7
What is the hundred millions digit of 486262350?
4
What is the ten millions digit of 152532968?
5
What is the thousands digit of 5647514707?
4
What is the units digit of 48118333?
3
What is the millions digit of 3572639569?
2
What is the ten millions digit of 1861431344?
6
What is the units digit of 1603942781?
1
What is the millions digit of 2865262?
2
What is the units digit of 394654966?
6
What is the hundred thousands digit of 111537076?
5
What is the hundreds digit of 315016343?
3
What is the millions digit of 2432560614?
2
What is 